{"id":2,"date":"2014-02-05T09:04:54","date_gmt":"2014-02-05T09:04:54","guid":{"rendered":"http:\/\/janne-rattya.net\/wordpress\/?page_id=2"},"modified":"2021-04-13T12:05:41","modified_gmt":"2021-04-13T12:05:41","slug":"sample-page","status":"publish","type":"page","link":"http:\/\/janne-rattya.net\/site\/de\/","title":{"rendered":"biographie"},"content":{"rendered":"<p>Janne R\u00e4tty\u00e4 ist einer der erfolgreichsten klassischen Akkordeonisten. Er deb\u00fctierte 2002 im Rahmen der Deb\u00fctserie von Deutschland Radio Berlin im Kammermusiksaal der Berliner Philharmonie. Das Konzert was das erste, je dort stattgefundene Akkordeonrezital. R\u00e4tty\u00e4 trat auch bei renommierten Festivals wie dem Van Vlaanderen Festival, dem Kyoto International Music Festival, dem Pacific Rim Festival, dem Ultraschall Festival, bei Wien Modern sowie in der Toppan Hall (Tokio), und der Musashino Hall (Tokio) auf.<\/p>\n<p>R\u00e4tty\u00e4 konzertiert sowohl als Solist als auch als Kammermusiker in ganz Europa, den USA und in Asien. Er hat mit Musikern wie Jorma Hynninen, Pekka Kuusisto, Martyn Brabbins und Patrick Gallois gespielt, ist aber auch als Solist zahlreicher finnischer und internationaler Orchester, wie dem Ostbottnischen Kammerorchester und dem Isl\u00e4ndischen Symphonieorchester aufgetreten. R\u00e4tty\u00e4 hat zahlreiche Preise bei verschiedenen internationalen Akkordeon- und Solistenwettberben, wie zum Beispiel dem the Arrasate Hiria Wettbewerb in Spanien im Jahr 1996 gewonnen. Er arbeitet auch eng mit zeitgen\u00f6ssischen Komponisten wie Aldo Clementi, Dieter Schnebel, Uljas Pulkkis and Iris ter Schiphorst zusammen, um neue Musik f\u00fcr sein Instrument zu schaffen.<\/p>\n<p>Janne R\u00e4tty\u00e4 hat bei Matti Rantanen an der Sibelius Akademie in Helsinki und bei Prof. Mie Miki an der Folkwang Hochschule Essen studiert. Von R\u00e4tty\u00e4 erschienen CDs bei der deutsch-\u00f6sterreischen Plattenfirma VMS und japanischen Octavia Records Label.<\/p>\n","protected":false},"excerpt":{"rendered":"<p>Janne R\u00e4tty\u00e4 ist einer der erfolgreichsten klassischen Akkordeonisten. Er deb\u00fctierte 2002 im Rahmen der Deb\u00fctserie von Deutschland Radio Berlin im Kammermusiksaal der Berliner Philharmonie. Das Konzert was das erste, je\u2026 <span class=\"read-btn\"><a class=\"read-more\" href=\"http:\/\/janne-rattya.net\/site\/de\/\">Read More &rarr;<\/a><\/span><\/p>\n","protected":false},"author":1,"featured_media":0,"parent":0,"menu_order":0,"comment_status":"open","ping_status":"open","template":"","meta":{"footnotes":""},"_links":{"self":[{"href":"http:\/\/janne-rattya.net\/site\/de\/wp-json\/wp\/v2\/pages\/2"}],"collection":[{"href":"http:\/\/janne-rattya.net\/site\/de\/wp-json\/wp\/v2\/pages"}],"about":[{"href":"http:\/\/janne-rattya.net\/site\/de\/wp-json\/wp\/v2\/types\/page"}],"author":[{"embeddable":true,"href":"http:\/\/janne-rattya.net\/site\/de\/wp-json\/wp\/v2\/users\/1"}],"replies":[{"embeddable":true,"href":"http:\/\/janne-rattya.net\/site\/de\/wp-json\/wp\/v2\/comments?post=2"}],"version-history":[{"count":25,"href":"http:\/\/janne-rattya.net\/site\/de\/wp-json\/wp\/v2\/pages\/2\/revisions"}],"predecessor-version":[{"id":509,"href":"http:\/\/janne-rattya.net\/site\/de\/wp-json\/wp\/v2\/pages\/2\/revisions\/509"}],"wp:attachment":[{"href":"http:\/\/janne-rattya.net\/site\/de\/wp-json\/wp\/v2\/media?parent=2"}],"curies":[{"name":"wp","href":"https:\/\/api.w.org\/{rel}","templated":true}]}}

<p>Janne Rättyä ist einer der erfolgreichsten klassischen Akkordeonisten. Er debütierte 2002 im Rahmen der Debütserie von Deutschland Radio Berlin im Kammermusiksaal der Berliner Philharmonie. Das Konzert was das erste, je dort stattgefundene Akkordeonrezital. Rättyä trat auch bei renommierten Festivals wie dem Van Vlaanderen Festival, dem Kyoto International Music Festival, dem Pacific Rim Festival, dem Ultraschall Festival, bei Wien Modern sowie in der Toppan Hall (Tokio), und der Musashino Hall (Tokio) auf.</p>
<p>Rättyä konzertiert sowohl als Solist als auch als Kammermusiker in ganz Europa, den USA und in Asien. Er hat mit Musikern wie Jorma Hynninen, Pekka Kuusisto, Martyn Brabbins und Patrick Gallois gespielt, ist aber auch als Solist zahlreicher finnischer und internationaler Orchester, wie dem Ostbottnischen Kammerorchester und dem Isländischen Symphonieorchester aufgetreten. Rättyä hat zahlreiche Preise bei verschiedenen internationalen Akkordeon- und Solistenwettberben, wie zum Beispiel dem the Arrasate Hiria Wettbewerb in Spanien im Jahr 1996 gewonnen. Er arbeitet auch eng mit zeitgenössischen Komponisten wie Aldo Clementi, Dieter Schnebel, Uljas Pulkkis and Iris ter Schiphorst zusammen, um neue Musik für sein Instrument zu schaffen.</p>
<p>Janne Rättyä hat bei Matti Rantanen an der Sibelius Akademie in Helsinki und bei Prof. Mie Miki an der Folkwang Hochschule Essen studiert. Von Rättyä erschienen CDs bei der deutsch-österreischen Plattenfirma VMS und japanischen Octavia Records Label.</p>

<p>Janne Rättyä ist einer der erfolgreichsten klassischen Akkordeonisten. Er debütierte 2002 im Rahmen der Debütserie von Deutschland Radio Berlin im Kammermusiksaal der Berliner Philharmonie. Das Konzert was das erste, je… <span class="read-btn"><a class="read-more" href="http://janne-rattya.net/site/de/">Read More &rarr;</a></span></p>
